6)/7*618/9. Suppose -w = -b + g, 620 = 2*b - 2*w - w. Is b composite?
False
Let t = -55157 + 84450. Is t a composite number?
True
Is ((-648786082)/515)/((70/(-25))/7) a prime number?
False
Suppose -571*n + 260632891 = -321843 - 282552187. Is n a composite number?
False
Let r = 5094 - 1187. Is r a composite number?
False
Let a(f) = 3735*f + 226. Is a(15) composite?
True
Let j(v) = -75*v**3 + 16*v**2 + 126*v + 15. Is j(-8) prime?
True
Let j(z) = 6*z**2 - 13 + 2*z**2 + 3*z + 10 - 134*z**3 - 4*z**2. Let n(a) = -3*a**3 + 2*a**2 - a. Let p be n(1). Is j(p) composite?
True
Suppose -2*a + 5*i + 237915 = 0, -5*a + 9*i - 7*i = -594735. Is a a composite number?
True
Let z = -16982 - -43951. Is z a composite number?
True
Suppose -18*w + 21*w - 9 = 0. Suppose -w*u + 4*a - 76 = 0, -5*u = -0*u - 2*a + 122. Is (1399/2)/(u/(-48)) prime?
True
Let a = 141 - -1406. Suppose 13*o + 3*o = 64. Suppose o*j + a = 5*c, 2*c - 377 = -2*j + 231. Is c a prime number?
True
Let r be (-90)/(-12)*30/9. Let k(v) = 21*v**3 + 0 - 6*v - 1 + 6 - r*v**3. Is k(-5) a prime number?
False
Let f = -136 + 140. Is (f/(-5))/((-11)/(41910/12)) a composite number?
True
Let b be (-87)/58*(-32)/6. Let f(p) = 19*p - 18. Is f(b) a prime number?
False
Suppose 0 = -4*n + 6*n - 8. Let t(a) = 26*a**2 + 2*a - 5*a + 0 + 1 - n*a. Is t(7) a prime number?
False
Is (33 - 32) + -4 - (1/(-1) + -120547) prime?
False
Is 8563/(13 - (-768)/(-60)) prime?
False
Let p = -2957 + 5459. Let h = p + -1313. Is h composite?
True
Let r = -12 - -16. Let z(p) = 1689*p - 25. Is z(r) prime?
False
Let v = 39 - 36. Suppose v*j - 14714 = -m - 3937, 0 = -4*j + 4*m + 14348. Suppose -j = -7*r + 14. Is r composite?
True
Is (2/1)/(66459536/(-8307464) - (0 - 8)) a prime number?
False
Suppose -3*g = -3*s - 6, 5*g - 3 = s - 3*s. Let h be (g - 2)*(381 - -2). Let r = 894 + h. Is r composite?
True
Suppose -253*g = -218*g - 958895. Is g a prime number?
True
Suppose 0 = 5*j + 10, -3*f = -6*j + 10*j - 40036. Let i = f + -3341. Is i prime?
True
Suppose 0 = p + m + 296, 1473 = -p - 4*p + 2*m. Is p/(-1) + (-21)/((-210)/(-20)) a composite number?
False
Suppose -5*n + 172*a - 176*a + 1247237 = 0, 0 = 3*n + 4*a - 748339. Is n prime?
True
Let r(j) = 2735*j**2 + 7*j + 5. Let m be r(-5). Is (6 + -3)*m/15 a composite number?
False
Suppose 0 = 16*w + 42*w - 7*w - 2946219. Is w prime?
False
Let j(q) = -851*q + 5. Let s be j(2). Let t = 3908 + s. Suppose 5*n + t = 19776. Is n a composite number?
True
Suppose 5*n + 2*h - 220459 = 0, -14*h + 11*h + 176363 = 4*n. Is n composite?
True
Suppose -5*s + 17 = -13, 0 = -4*r + 4*s + 627180. Is r a prime number?
False
Let b(a) = 288*a**2 + a + 10. Let l = 35 - 20. Suppose 23*r - 28*r = -l. Is b(r) prime?
False
Let y = -25184 + 43971. Is y prime?
True
Let g(r) = -r - 16. Let o be g(-17). Let p be ((2 + 2)/(o/(-1)))/1. Is 10/(-15)*798/p composite?
True
Suppose 2*z + 2*z + 12 = l, z - 48 = -4*l. Is -1119*(-2)/l*2*5 a prime number?
False
Let s(a) = 144*a**2 + 16. Let g be s(5). Let n = -973 + g. Is n a prime number?
False
Suppose 5*q + 23618 = g, 0 = -2*q - 0*q - 4*g - 9456. Let x = -3325 - q. Is x a prime number?
True
Let v(p) = 17*p + 4. Let k be v(6). Suppose z - k = -0*z. Suppose 5*g + 68 + z = m, 5*m = 2*g + 755. Is m a composite number?
False
Let u(r) = -r**3 - 31*r**2 - 37*r - 266. Is u(-45) a prime number?
False
Let m be (-29462)/(-3) + -2 - (-16)/(-24). Suppose m + 14195 = 11*o. Is o a prime number?
False
Let t = -4163 - -5282. Is t a prime number?
False
Suppose -4*d - u + 15710 = 0, -3*u + 11855 = 3*d + 68. Suppose 2184 + d = 9*q. Is q a composite number?
True
Let c(h) = 5878*h - 7. Let z be c(3). Suppose 6*n = z + 20395. Is n prime?
True
Suppose -3*j = -3, 0 = 4*u + 2*j + 4603 - 21949. Let t = u + -2597. Is t a composite number?
True
Is -11*135766/(-5)*16290/6516 a composite number?
True
Suppose -i - w - 55 = 0, -110 = -364*i + 366*i - w. Let f be (8/(-6))/(1/(-447)). Let n = i + f. Is n composite?
False
Suppose 5*s + 3*v - 30 = 0, v = 3*s + 3*v - 19. Suppose c + 2867 = s*n + 3*c, -n - 4*c = -939. Suppose -n = 7*d - 8*d. Is d a prime number?
False
Let t be -1 + 496 - 21*3/21. Let j be (-19)/(0 - (-3)/(-51)). Let s = t + j. Is s a composite number?
True
Let n(o) = 51221*o**2 + 11*o - 25. Is n(2) composite?
True
Let k(c) = -1 + 5117*c**2 - c - 19*c**3 - 5117*c**2. Let o be k(-1). Let p(q) = -q + 54. Is p(o) a prime number?
False
Suppose -2*w - 7 - 3 = 0. Let p be (2/w)/(2/(-10))*1. Is 1391/p + (-21)/(-14) prime?
False
Let k(c) = c**3 + 26*c**2 - 31*c - 52. Let y be k(-27). Suppose 65*a - 17487 = y*a. Is a composite?
True
Suppose 0 = -10*j + 140 - 1100. Let m = -83 - j. Is -3 + 13115/m - 6/(-39) a prime number?
False
Let g(i) = -459*i - 29. Let s be g(-7). Let b be (s + -1)/((-2)/(-4)*3). Is (0 - -5) + b + 2 composite?
False
Let m = -147921 + 215878. Is m prime?
True
Is ((-1 - -11736)*-1)/(-1) a prime number?
False
Let k = -655 - -306. Let t = k + 114. Let o = t - -398. Is o composite?
False
Let s(i) = -267*i + 4361. Is s(-26) composite?
True
Suppose -4*l - 424 = 2*i, -523 - 511 = 5*i - 3*l. Let h be 6/(-10) + (4 - i/(-20)). Let r(a) = 66*a**2 + 4*a + 17. Is r(h) a composite number?
True
Let o = -36 + 32. Let b be 3/(25/10 + o). Is b - ((-3)/3 - 260) a composite number?
True
Suppose -253*p + 284*p = 465403. Is p prime?
True
Let n = 3791865 - 1875238. Is n a prime number?
False
Let u = 92620 + -49229. Is u a prime number?
True
Suppose 29*l = 25*l. Let i(y) = -y + 118. Is i(l) a prime number?
False
Let f = 13811 - 9456. Let n = -1068 + f. Is n a composite number?
True
Suppose -5*o = s - 19, 4*o + 4*s - 9*s + 8 = 0. Suppose o*b - 597 = 480. Is b a composite number?
False
Is (-1)/2*((-48417936)/63 + (-10)/(-15)) a composite number?
True
Suppose 4*w + 26*w - 68265 = -15*w. Is w composite?
True
Suppose 3*a + 6030 = -0*a. Suppose -q = -2*w - 2869, w + 9450 = 5*q - 4868. Let p = a + q. Is p composite?
False
Let f = 35796 + 28865. Is f prime?
True
Let c = 160 + -151. Let b(u) = 98*u**2 - 4*u - 3. Is b(c) a prime number?
False
Let i(a) = 2*a**2 - 7*a - 3. Let n be i(-5). Suppose 3*w - q - n = 8*w, -2*w = q + 34. Is 3119 - (-4)/w*0 composite?
False
Let z(m) = 91*m**2 - 296*m + 50. Is z(15) prime?
False
Let a(o) = 2*o + 13. Let m be a(-7). Is m*(-10227)/14*2 prime?
False
Let h(y) = y**3 - y**2 - y - 3286. Let d be h(0). Let m be d/4 + (-8)/16. Let w = m - -2445. Is w composite?
True
Let x(h) = 821*h**2 - 5*h. Let r be x(3). Suppose -45*c + 39*c = -r. Is c prime?
True
Suppose -171*q - 26*q + 134079973 = 0. Is q a composite number?
True
Suppose -5*f = -5*k - 2735, 877 + 1309 = -4*k + 3*f. Is (2 - (-10)/(-4))*(k - -43) a prime number?
True
Let z(j) = 8915*j**2 + 714*j - 4327. Is z(6) composite?
True
Suppose 8*w - 4*w = -3*y - 7, 2*w = -8. Suppose -12105 = y*g - 12*g. Suppose -d = -6*d + g. Is d composite?
False
Suppose 51 = 8*n + 11. Suppose 45 + n = 10*r. Suppose 0 = -r*h + 1715 + 770. Is h a composite number?
True
Suppose 23*w - w - 1290809 + 428299 = 0. Is w a composite number?
True
Suppose -191 + 96 = -19*c. Suppose -3*l + w = -62, 4*w + 6 = -2. Suppose -d + 1234 - 21 = h, c*d = -l. Is h a composite number?
False
Let k = 17401 - 8940. Suppose -10*d + 12549 = -k. Is d prime?
False
Suppose 25*h - 4*h = 2*h. Suppose h*g - 5*g - 20 = 0, -2*g = -3*q + 2237. Is q composite?
False
Suppose -4*p + 5*f + 1232241 = -1605908, -5*p = 2*f - 3547645. Is p composite?
False
Let j(o) be the first derivative of o**4/4 + 6*o**3 + 9*o**2/2 - 13*o + 1. Let v = 717 + -733. Is j(v) a composite number?
True
Let x(c) = 1793*c**2 + c + 1. Let b = 100 - 18. Let w = b - 83. Is x(w) a composite number?
True
Let w(l) = -l + 22. Let i be w(18). Suppose -4*b = -2*x + 2586, -6*x + i*x - b + 2566 = 0. Is x prime?
False
Suppose 10*p - 29899 + 43160 = 160131. Is p a prime number?
False
Let t = -42 + 74. Is (29324/8)/(16/t) a prime number?
True
Suppose 3*u = u - y - 94, -5*u - 228 = -y. Let v be (1 - -6)*2/(4/u). Let c = 42 - v. Is c composite?
True
Suppose 0 = 4*g - i + 1, 6*g - g + 3*i = 3. Suppose g = -2*v - 5*j + 2 - 1, -4*v = -j - 13. Suppose -4*u = v*u - 9401. Is u composite?
True
Is -1*(6 - 91/7 - 105460) composite?
False
Suppose 9*t + 75062 = 4*y + 4*t, 0 = -y + 2*t + 18761. Is y a prime number?
True
Let y(o) = 1245*o + 47. Let u be 40/9 - 4 - 136/(